{"id":647,"date":"2021-09-20T15:32:21","date_gmt":"2021-09-20T12:32:21","guid":{"rendered":"https:\/\/balgathukuk.com\/?page_id=647"},"modified":"2022-01-28T14:04:40","modified_gmt":"2022-01-28T11:04:40","slug":"avukat-muhammet-dilek","status":"publish","type":"page","link":"https:\/\/balgathukuk.com\/?page_id=647","title":{"rendered":"Avukat Muhammet Dilek"},"content":{"rendered":"<div data-colibri-id=\"647-c1\" class=\"style-1384 style-local-647-c1 position-relative\">\n  <!---->\n  <div data-colibri-component=\"section\" data-colibri-id=\"647-c2\" id=\"custom\" class=\"h-section h-section-global-spacing d-flex align-items-lg-center align-items-md-center align-items-center style-1385 style-local-647-c2 position-relative\">\n    <!---->\n    <!---->\n    <div class=\"h-section-grid-container h-section-boxed-container\">\n      <!---->\n      <div data-colibri-id=\"647-c3\" class=\"h-row-container gutters-row-lg-2 gutters-row-md-2 gutters-row-0 gutters-row-v-lg-2 gutters-row-v-md-2 gutters-row-v-2 style-1386 style-local-647-c3 position-relative\">\n        <!---->\n        <div class=\"h-row justify-content-lg-center justify-content-md-center justify-content-center align-items-lg-stretch align-items-md-stretch align-items-stretch gutters-col-lg-2 gutters-col-md-2 gutters-col-0 gutters-col-v-lg-2 gutters-col-v-md-2 gutters-col-v-2\">\n          <!---->\n          <div class=\"h-column h-column-container d-flex h-col-lg-auto h-col-md-auto h-col-auto style-1387-outer style-local-647-c4-outer\">\n            <div data-colibri-id=\"647-c4\" class=\"d-flex h-flex-basis h-column__inner h-px-lg-2 h-px-md-2 h-px-2 v-inner-lg-2 v-inner-md-2 v-inner-2 style-1387 style-local-647-c4 position-relative\">\n              <!---->\n              <!---->\n              <div class=\"w-100 h-y-container h-column__content h-column__v-align flex-basis-100 align-self-lg-start align-self-md-start align-self-start\">\n                <!---->\n                <div data-colibri-id=\"647-c5\" class=\"d-block style-1394 style-local-647-c5 position-relative h-element\">\n                  <!---->\n                  <div class=\"h-image__frame-container-outer\">\n                    <div class=\"h-image__frame-container\">\n                      <!---->\n                      <!---->\n                      <img loading=\"lazy\" width=\"593\" height=\"594\" src=\"https:\/\/balgathukuk.com\/wp-content\/uploads\/2021\/09\/cropped-cropped-WhatsApp-Image-2021-09-16-at-16.48.15.jpeg\" class=\"wp-image-692 style-1394-image style-local-647-c5-image\" srcset=\"https:\/\/balgathukuk.com\/wp-content\/uploads\/2021\/09\/cropped-cropped-WhatsApp-Image-2021-09-16-at-16.48.15.jpeg 593w, https:\/\/balgathukuk.com\/wp-content\/uploads\/2021\/09\/cropped-cropped-WhatsApp-Image-2021-09-16-at-16.48.15-300x300.jpeg 300w, https:\/\/balgathukuk.com\/wp-content\/uploads\/2021\/09\/cropped-cropped-WhatsApp-Image-2021-09-16-at-16.48.15-150x150.jpeg 150w\" sizes=\"(max-width: 593px) 100vw, 593px\" alt=\"\" \/>\n                      <div class=\"h-image__frame h-hide-lg h-hide-md h-hide-sm style-1394-frameImage style-local-647-c5-frameImage\"><\/div>\n                    <\/div>\n                  <\/div>\n                <\/div>\n              <\/div>\n            <\/div>\n          <\/div>\n        <\/div>\n      <\/div>\n    <\/div>\n  <\/div>\n  <div data-colibri-component=\"section\" data-colibri-id=\"647-c6\" id=\"custom-2\" class=\"h-section h-section-global-spacing d-flex align-items-lg-center align-items-md-center align-items-center style-1388 style-local-647-c6 position-relative\">\n    <!---->\n    <!---->\n    <div class=\"h-section-grid-container h-section-boxed-container\">\n      <!---->\n      <div data-colibri-id=\"647-c7\" class=\"h-row-container gutters-row-lg-2 gutters-row-md-2 gutters-row-0 gutters-row-v-lg-2 gutters-row-v-md-2 gutters-row-v-2 style-1389 style-local-647-c7 position-relative\">\n        <!---->\n        <div class=\"h-row justify-content-lg-center justify-content-md-center justify-content-center align-items-lg-stretch align-items-md-stretch align-items-stretch gutters-col-lg-2 gutters-col-md-2 gutters-col-0 gutters-col-v-lg-2 gutters-col-v-md-2 gutters-col-v-2\">\n          <!---->\n          <div class=\"h-column h-column-container d-flex h-col-lg-auto h-col-md-auto h-col-auto style-1390-outer style-local-647-c8-outer\">\n            <div data-colibri-id=\"647-c8\" class=\"d-flex h-flex-basis h-column__inner h-px-lg-2 h-px-md-2 h-px-2 v-inner-lg-2 v-inner-md-2 v-inner-2 style-1390 style-local-647-c8 position-relative\">\n              <!---->\n              <!---->\n              <div class=\"w-100 h-y-container h-column__content h-column__v-align flex-basis-100 align-self-lg-start align-self-md-start align-self-start\">\n                <!---->\n                <div data-colibri-id=\"647-c9\" class=\"h-text h-text-component style-1395 style-local-647-c9 position-relative h-element\">\n                  <!---->\n                  <!---->\n                  <div class=\"\">\n                    <p>1991 y\u0131l\u0131nda Isparta ilinde d\u00fcnyaya gelmi\u015ftir. <\/p>\n                    <p>2015 y\u0131l\u0131nda Ankara \u00dcniversitesi Hukuk Fak\u00fcltesi\u2019nden mezun olmu\u015f, 2016 y\u0131l\u0131nda staj\u0131n\u0131 tamamlayarak avukatl\u0131k ruhsat\u0131n\u0131 alm\u0131\u015ft\u0131r. Halen Ankara Barosu levhas\u0131na kay\u0131tl\u0131 avukat olarak mesleki faaliyetlerini ger\u00e7ekle\u015ftirmektedir. <\/p>\n                    <p>Staj d\u00f6nemi ve sonras\u0131nda aktif olarak \u0130\u015f Hukuku, Aile Hukuku, Gayrimenkul Hukuku, Miras Hukuku ba\u015fta olmak \u00fczere bir \u00e7ok alanda \u00e7al\u0131\u015fmalar y\u00fcr\u00fctm\u00fc\u015ft\u00fcr.<\/p>\n                    <p>Uzla\u015ft\u0131rma, Adli Yard\u0131m, CMK ve \u00c7ocuklar i\u00e7in CMK sertifikalar\u0131 bulunmaktad\u0131r.<\/p>\n                    <p>Evli ve bir \u00e7ocuk babas\u0131d\u0131r.<\/p>\n                  <\/div>\n                <\/div>\n              <\/div>\n            <\/div>\n          <\/div>\n        <\/div>\n      <\/div>\n    <\/div>\n  <\/div>\n  <div data-colibri-component=\"section\" data-colibri-id=\"647-c10\" id=\"custom-3\" class=\"h-section h-section-global-spacing d-flex align-items-lg-center align-items-md-center align-items-center style-1391 style-local-647-c10 position-relative\">\n    <!---->\n    <!---->\n    <div class=\"h-section-grid-container h-section-boxed-container\">\n      <!---->\n      <div data-colibri-id=\"647-c11\" class=\"h-row-container gutters-row-lg-2 gutters-row-md-2 gutters-row-0 gutters-row-v-lg-2 gutters-row-v-md-2 gutters-row-v-2 style-1392 style-local-647-c11 position-relative\">\n        <!---->\n        <div class=\"h-row justify-content-lg-center justify-content-md-center justify-content-center align-items-lg-stretch align-items-md-stretch align-items-stretch gutters-col-lg-2 gutters-col-md-2 gutters-col-0 gutters-col-v-lg-2 gutters-col-v-md-2 gutters-col-v-2\">\n          <!---->\n          <div class=\"h-column h-column-container d-flex h-col-lg-auto h-col-md-auto h-col-auto style-1393-outer style-local-647-c12-outer\">\n            <div data-colibri-id=\"647-c12\" class=\"d-flex h-flex-basis h-column__inner h-px-lg-2 h-px-md-2 h-px-2 v-inner-lg-2 v-inner-md-2 v-inner-2 style-1393 style-local-647-c12 position-relative\">\n              <!---->\n              <!---->\n              <div class=\"w-100 h-y-container h-column__content h-column__v-align flex-basis-100 align-self-lg-start align-self-md-start align-self-start\">\n                <!---->\n                <div data-colibri-id=\"647-c13\" class=\"h-x-container style-1396 style-local-647-c13 position-relative h-element\">\n                  <!---->\n                  <div class=\"h-x-container-inner style-dynamic-647-c13-group style-1396-spacing style-local-647-c13-spacing\"><span class=\"h-link__outer style-1397-outer style-local-647-c14-outer d-inline-flex h-element\"><a h-use-smooth-scroll=\"true\" href=\"mailto:mdilek@balgathukuk.com\"  data-colibri-id=\"647-c14\" class=\"d-flex w-100 align-items-center h-link style-1397 style-local-647-c14 position-relative\"><!----><span  class=\"h-svg-icon h-link__icon style-1397-icon style-local-647-c14-icon\"><!--Icon by Socicon (http:\/\/www.socicon.com)--><svg version=\"1.1\" xmlns=\"http:\/\/www.w3.org\/2000\/svg\" viewBox=\"0 0 1500 1500\">\n\n<path d=\"M799.805 922.852c-14.648 11.719-32.227 20.508-49.805 20.508s-35.156-8.789-49.805-20.508l-700.195-571.289v899.414h1500v-899.414zM750 750c14.648 0 29.297-5.859 41.016-14.648l594.727-486.328h-1271.484l594.727 486.328c11.719 8.789 26.367 14.648 41.016 14.648z\"><\/path>\n<\/svg>\n<\/span> <span>mdilek@balgathukuk.com<\/span><\/a>\n                    <\/span>\n                  <\/div>\n                <\/div>\n                <div data-colibri-id=\"647-c18\" class=\"h-x-container style-1819 style-local-647-c18 position-relative h-element\">\n                  <!---->\n                  <div class=\"h-x-container-inner style-dynamic-647-c18-group style-1819-spacing style-local-647-c18-spacing\"><span class=\"h-link__outer style-1820-outer style-local-647-c19-outer d-inline-flex h-element\"><a h-use-smooth-scroll=\"true\" href=\"\"  data-colibri-id=\"647-c19\" class=\"d-flex w-100 align-items-center h-link style-1820 style-local-647-c19 position-relative\"><!----><span  class=\"h-svg-icon h-link__icon style-1820-icon style-local-647-c19-icon\"><!--Icon by Font Awesome (https:\/\/fontawesome.com)--><svg version=\"1.1\" xmlns=\"http:\/\/www.w3.org\/2000\/svg\" xmlns:xlink=\"http:\/\/www.w3.org\/1999\/xlink\" id=\"phone\" viewBox=\"0 0 1408 1896.0833\"><path d=\"M1408 1240q0 27-10 70.5t-21 68.5q-21 50-122 106-94 51-186 51-27 0-53-3.5t-57.5-12.5-47-14.5T856 1485t-49-18q-98-35-175-83-127-79-264-216T152 904q-48-77-83-175-3-9-18-49t-20.5-55.5-14.5-47T3.5 520 0 467q0-92 51-186 56-101 106-122 25-11 68.5-21t70.5-10q14 0 21 3 18 6 53 76 11 19 30 54t35 63.5 31 53.5q3 4 17.5 25t21.5 35.5 7 28.5q0 20-28.5 50t-62 55-62 53-28.5 46q0 9 5 22.5t8.5 20.5 14 24 11.5 19q76 137 174 235t235 174q2 1 19 11.5t24 14 20.5 8.5 22.5 5q18 0 46-28.5t53-62 55-62 50-28.5q14 0 28.5 7t35.5 21.5 25 17.5q25 15 53.5 31t63.5 35 54 30q70 35 76 53 3 7 3 21z\"><\/path><\/svg><\/span>                    <span>0553 123 0011<\/span><\/a>\n                    <\/span>\n                  <\/div>\n                <\/div>\n              <\/div>\n            <\/div>\n          <\/div>\n        <\/div>\n      <\/div>\n    <\/div>\n  <\/div>\n<\/div>","protected":false},"excerpt":{"rendered":"<p>1991 y\u0131l\u0131nda Isparta ilinde d\u00fcnyaya gelmi\u015ftir. 2015 y\u0131l\u0131nda Ankara \u00dcniversitesi Hukuk Fak\u00fcltesi\u2019nden mezun olmu\u015f, 2016 y\u0131l\u0131nda staj\u0131n\u0131 tamamlayarak avukatl\u0131k ruhsat\u0131n\u0131 alm\u0131\u015ft\u0131r. Halen Ankara Barosu levhas\u0131na kay\u0131tl\u0131 avukat olarak mesleki faaliyetlerini ger\u00e7ekle\u015ftirmektedir. Staj d\u00f6nemi ve sonras\u0131nda aktif olarak \u0130\u015f Hukuku, Aile Hukuku, Gayrimenkul Hukuku, Miras Hukuku ba\u015fta olmak \u00fczere bir \u00e7ok alanda \u00e7al\u0131\u015fmalar y\u00fcr\u00fctm\u00fc\u015ft\u00fcr. Uzla\u015ft\u0131rma, Adli [&hellip;]<\/p>\n","protected":false},"author":7,"featured_media":0,"parent":0,"menu_order":0,"comment_status":"closed","ping_status":"closed","template":"page-templates\/full-width-page.php","meta":[],"_links":{"self":[{"href":"https:\/\/balgathukuk.com\/index.php?rest_route=\/wp\/v2\/pages\/647"}],"collection":[{"href":"https:\/\/balgathukuk.com\/index.php?rest_route=\/wp\/v2\/pages"}],"about":[{"href":"https:\/\/balgathukuk.com\/index.php?rest_route=\/wp\/v2\/types\/page"}],"author":[{"embeddable":true,"href":"https:\/\/balgathukuk.com\/index.php?rest_route=\/wp\/v2\/users\/7"}],"replies":[{"embeddable":true,"href":"https:\/\/balgathukuk.com\/index.php?rest_route=%2Fwp%2Fv2%2Fcomments&post=647"}],"version-history":[{"count":6,"href":"https:\/\/balgathukuk.com\/index.php?rest_route=\/wp\/v2\/pages\/647\/revisions"}],"predecessor-version":[{"id":1130,"href":"https:\/\/balgathukuk.com\/index.php?rest_route=\/wp\/v2\/pages\/647\/revisions\/1130"}],"wp:attachment":[{"href":"https:\/\/balgathukuk.com\/index.php?rest_route=%2Fwp%2Fv2%2Fmedia&parent=647"}],"curies":[{"name":"wp","href":"https:\/\/api.w.org\/{rel}","templated":true}]}}