{"id":1766,"date":"2023-08-27T22:56:17","date_gmt":"2023-08-27T19:56:17","guid":{"rendered":"https:\/\/balgathukuk.com\/?page_id=1766"},"modified":"2023-08-27T23:02:04","modified_gmt":"2023-08-27T20:02:04","slug":"avukat-berfin-gundogdu","status":"publish","type":"page","link":"https:\/\/balgathukuk.com\/?page_id=1766","title":{"rendered":"Avukat Berfin G\u00fcndo\u011fdu"},"content":{"rendered":"<div data-colibri-id=\"1766-c1\" class=\"style-2043 style-local-1766-c1 position-relative\">\n  <!---->\n  <div data-colibri-component=\"section\" data-colibri-id=\"1766-c2\" id=\"custom\" class=\"h-section h-section-global-spacing d-flex align-items-lg-center align-items-md-center align-items-center style-2044 style-local-1766-c2 position-relative\">\n    <!---->\n    <!---->\n    <div class=\"h-section-grid-container h-section-boxed-container\">\n      <!---->\n      <div data-colibri-id=\"1766-c3\" class=\"h-row-container gutters-row-lg-2 gutters-row-md-2 gutters-row-0 gutters-row-v-lg-2 gutters-row-v-md-2 gutters-row-v-2 style-2045 style-local-1766-c3 position-relative\">\n        <!---->\n        <div class=\"h-row justify-content-lg-center justify-content-md-center justify-content-center align-items-lg-stretch align-items-md-stretch align-items-stretch gutters-col-lg-2 gutters-col-md-2 gutters-col-0 gutters-col-v-lg-2 gutters-col-v-md-2 gutters-col-v-2\">\n          <!---->\n          <div class=\"h-column h-column-container d-flex h-col-lg-auto h-col-md-auto h-col-auto style-2046-outer style-local-1766-c4-outer\">\n            <div data-colibri-id=\"1766-c4\" class=\"d-flex h-flex-basis h-column__inner h-px-lg-2 h-px-md-2 h-px-2 v-inner-lg-2 v-inner-md-2 v-inner-2 style-2046 style-local-1766-c4 position-relative\">\n              <!---->\n              <!---->\n              <div class=\"w-100 h-y-container h-column__content h-column__v-align flex-basis-100 align-self-lg-start align-self-md-start align-self-start\">\n                <!---->\n                <div data-colibri-id=\"1766-c5\" class=\"d-block style-2047 style-local-1766-c5 position-relative h-element\">\n                  <!---->\n                  <div class=\"h-image__frame-container-outer\">\n                    <div class=\"h-image__frame-container\">\n                      <!---->\n                      <!---->\n                      <img src=\"https:\/\/balgathukuk.com\/wp-content\/uploads\/2023\/08\/cropped-berfin-1-242x300.jpeg\" class=\"style-2047-image style-local-1766-c5-image\">\n                      <div class=\"h-image__frame h-hide-lg h-hide-md h-hide-sm style-2047-frameImage style-local-1766-c5-frameImage\"><\/div>\n                    <\/div>\n                  <\/div>\n                <\/div>\n              <\/div>\n            <\/div>\n          <\/div>\n        <\/div>\n      <\/div>\n    <\/div>\n  <\/div>\n  <div data-colibri-component=\"section\" data-colibri-id=\"1766-c6\" id=\"custom-2\" class=\"h-section h-section-global-spacing d-flex align-items-lg-center align-items-md-center align-items-center style-2048 style-local-1766-c6 position-relative\">\n    <!---->\n    <!---->\n    <div class=\"h-section-grid-container h-section-boxed-container\">\n      <!---->\n      <div data-colibri-id=\"1766-c7\" class=\"h-row-container gutters-row-lg-2 gutters-row-md-2 gutters-row-0 gutters-row-v-lg-2 gutters-row-v-md-2 gutters-row-v-2 style-2051 style-local-1766-c7 position-relative\">\n        <!---->\n        <div class=\"h-row justify-content-lg-center justify-content-md-center justify-content-center align-items-lg-stretch align-items-md-stretch align-items-stretch gutters-col-lg-2 gutters-col-md-2 gutters-col-0 gutters-col-v-lg-2 gutters-col-v-md-2 gutters-col-v-2\">\n          <!---->\n          <div class=\"h-column h-column-container d-flex h-col-lg-auto h-col-md-auto h-col-auto style-2052-outer style-local-1766-c8-outer\">\n            <div data-colibri-id=\"1766-c8\" class=\"d-flex h-flex-basis h-column__inner h-px-lg-2 h-px-md-2 h-px-2 v-inner-lg-2 v-inner-md-2 v-inner-2 style-2052 style-local-1766-c8 position-relative\">\n              <!---->\n              <!---->\n              <div class=\"w-100 h-y-container h-column__content h-column__v-align flex-basis-100 align-self-lg-start align-self-md-start align-self-start\">\n                <!---->\n                <div data-colibri-id=\"1766-c9\" class=\"h-text h-text-component style-2053 style-local-1766-c9 position-relative h-element\">\n                  <!---->\n                  <!---->\n                  <div class=\"\">\n                    <p>1998 do\u011fumludur. Lisans e\u011fitimini 2021 y\u0131l\u0131nda Gazi \u00dcniversitesi Hukuk Fak\u00fcltesi&#8217;nde tamamlam\u0131\u015ft\u0131r. Fak\u00fclte hayat\u0131 boyunca alm\u0131\u015f oldu\u011fu teorik e\u011fitimi, yaz d\u00f6nemleri hukuk ofislerinde g\u00f6n\u00fcll\u00fc \u00e7al\u0131\u015fmalar yaparak pratik temelli g\u00fc\u00e7lendirmi\u015ftir.\n                      \u015eu an Ankara Barosuna ba\u011fl\u0131 olarak avukatl\u0131\u011f\u0131n\u0131 s\u00fcrd\u00fcrmektedir.<\/p>\n                  <\/div>\n                <\/div>\n              <\/div>\n            <\/div>\n          <\/div>\n        <\/div>\n      <\/div>\n    <\/div>\n  <\/div>\n  <div data-colibri-component=\"section\" data-colibri-id=\"1766-c14\" id=\"custom-3\" class=\"h-section h-section-global-spacing d-flex align-items-lg-center align-items-md-center align-items-center style-2056 style-local-1766-c14 position-relative\">\n    <!---->\n    <!---->\n    <div class=\"h-section-grid-container h-section-boxed-container\">\n      <!---->\n      <div data-colibri-id=\"1766-c15\" class=\"h-row-container gutters-row-lg-2 gutters-row-md-2 gutters-row-0 gutters-row-v-lg-2 gutters-row-v-md-2 gutters-row-v-2 style-2057 style-local-1766-c15 position-relative\">\n        <!---->\n        <div class=\"h-row justify-content-lg-center justify-content-md-center justify-content-center align-items-lg-stretch align-items-md-stretch align-items-stretch gutters-col-lg-2 gutters-col-md-2 gutters-col-0 gutters-col-v-lg-2 gutters-col-v-md-2 gutters-col-v-2\">\n          <!---->\n          <div class=\"h-column h-column-container d-flex h-col-lg-auto h-col-md-auto h-col-auto style-2058-outer style-local-1766-c16-outer\">\n            <div data-colibri-id=\"1766-c16\" class=\"d-flex h-flex-basis h-column__inner h-px-lg-2 h-px-md-2 h-px-2 v-inner-lg-2 v-inner-md-2 v-inner-2 style-2058 style-local-1766-c16 position-relative\">\n              <!---->\n              <!---->\n              <div class=\"w-100 h-y-container h-column__content h-column__v-align flex-basis-100 align-self-lg-start align-self-md-start align-self-start\">\n                <!---->\n                <div data-colibri-id=\"1766-c17\" class=\"h-x-container style-2059 style-local-1766-c17 position-relative h-element\">\n                  <!---->\n                  <div class=\"h-x-container-inner style-dynamic-1766-c17-group style-2059-spacing style-local-1766-c17-spacing\"><span class=\"h-link__outer style-2060-outer style-local-1766-c18-outer d-inline-flex h-element\"><a h-use-smooth-scroll=\"true\" href=\"\"  data-colibri-id=\"1766-c18\" class=\"d-flex w-100 align-items-center h-link style-2060 style-local-1766-c18 position-relative\"><!----><span  class=\"h-svg-icon h-link__icon style-2060-icon style-local-1766-c18-icon\"><!--Icon by Socicon (http:\/\/www.socicon.com)--><svg version=\"1.1\" xmlns=\"http:\/\/www.w3.org\/2000\/svg\" viewBox=\"0 0 1500 1500\">\n\n<path d=\"M799.805 922.852c-14.648 11.719-32.227 20.508-49.805 20.508s-35.156-8.789-49.805-20.508l-700.195-571.289v899.414h1500v-899.414zM750 750c14.648 0 29.297-5.859 41.016-14.648l594.727-486.328h-1271.484l594.727 486.328c11.719 8.789 26.367 14.648 41.016 14.648z\"><\/path>\n<\/svg>\n<\/span> <span>berfin@balgathukuk.com<\/span><\/a>\n                    <\/span>\n                  <\/div>\n                <\/div>\n              <\/div>\n            <\/div>\n          <\/div>\n        <\/div>\n      <\/div>\n    <\/div>\n  <\/div>\n<\/div>","protected":false},"excerpt":{"rendered":"<p>1998 do\u011fumludur. Lisans e\u011fitimini 2021 y\u0131l\u0131nda Gazi \u00dcniversitesi Hukuk Fak\u00fcltesi&#8217;nde tamamlam\u0131\u015ft\u0131r. Fak\u00fclte hayat\u0131 boyunca alm\u0131\u015f oldu\u011fu teorik e\u011fitimi, yaz d\u00f6nemleri hukuk ofislerinde g\u00f6n\u00fcll\u00fc \u00e7al\u0131\u015fmalar yaparak pratik temelli g\u00fc\u00e7lendirmi\u015ftir. \u015eu an Ankara Barosuna ba\u011fl\u0131 olarak avukatl\u0131\u011f\u0131n\u0131 s\u00fcrd\u00fcrmektedir. berfin@balgathukuk.com<\/p>\n","protected":false},"author":7,"featured_media":0,"parent":0,"menu_order":0,"comment_status":"closed","ping_status":"closed","template":"page-templates\/full-width-page.php","meta":[],"_links":{"self":[{"href":"https:\/\/balgathukuk.com\/index.php?rest_route=\/wp\/v2\/pages\/1766"}],"collection":[{"href":"https:\/\/balgathukuk.com\/index.php?rest_route=\/wp\/v2\/pages"}],"about":[{"href":"https:\/\/balgathukuk.com\/index.php?rest_route=\/wp\/v2\/types\/page"}],"author":[{"embeddable":true,"href":"https:\/\/balgathukuk.com\/index.php?rest_route=\/wp\/v2\/users\/7"}],"replies":[{"embeddable":true,"href":"https:\/\/balgathukuk.com\/index.php?rest_route=%2Fwp%2Fv2%2Fcomments&post=1766"}],"version-history":[{"count":3,"href":"https:\/\/balgathukuk.com\/index.php?rest_route=\/wp\/v2\/pages\/1766\/revisions"}],"predecessor-version":[{"id":1778,"href":"https:\/\/balgathukuk.com\/index.php?rest_route=\/wp\/v2\/pages\/1766\/revisions\/1778"}],"wp:attachment":[{"href":"https:\/\/balgathukuk.com\/index.php?rest_route=%2Fwp%2Fv2%2Fmedia&parent=1766"}],"curies":[{"name":"wp","href":"https:\/\/api.w.org\/{rel}","templated":true}]}}