{"id":1465,"date":"2022-08-22T15:05:47","date_gmt":"2022-08-22T12:05:47","guid":{"rendered":"https:\/\/balgathukuk.com\/?page_id=1465"},"modified":"2023-08-27T22:55:20","modified_gmt":"2023-08-27T19:55:20","slug":"stajyer-avukat-semih-kaya","status":"publish","type":"page","link":"https:\/\/balgathukuk.com\/?page_id=1465","title":{"rendered":"Stajyer Avukat Semih Kaya"},"content":{"rendered":"<div data-colibri-id=\"1465-c1\" class=\"style-1934 style-local-1465-c1 position-relative\">\r\n  <!---->\r\n  <div data-colibri-component=\"section\" data-colibri-id=\"1465-c2\" id=\"custom\" class=\"h-section h-section-global-spacing d-flex align-items-lg-start align-items-md-start align-items-start style-1939 style-local-1465-c2 position-relative\">\r\n    <!---->\r\n    <!---->\r\n    <div class=\"h-section-grid-container h-section-boxed-container\">\r\n      <!---->\r\n      <div data-colibri-id=\"1465-c3\" class=\"h-row-container gutters-row-lg-2 gutters-row-md-2 gutters-row-0 gutters-row-v-lg-2 gutters-row-v-md-2 gutters-row-v-2 style-1942 style-local-1465-c3 position-relative\">\r\n        <!---->\r\n        <div class=\"h-row justify-content-lg-center justify-content-md-center justify-content-center align-items-lg-stretch align-items-md-stretch align-items-stretch gutters-col-lg-2 gutters-col-md-2 gutters-col-0 gutters-col-v-lg-2 gutters-col-v-md-2 gutters-col-v-2\">\r\n          <!---->\r\n          <div class=\"h-column h-column-container d-flex h-col-lg-auto h-col-md-auto h-col-auto style-1943-outer style-local-1465-c4-outer\">\r\n            <div data-colibri-id=\"1465-c4\" class=\"d-flex h-flex-basis h-column__inner h-px-lg-2 h-px-md-2 h-px-2 v-inner-lg-2 v-inner-md-2 v-inner-2 style-1943 style-local-1465-c4 position-relative\">\r\n              <!---->\r\n              <!---->\r\n              <div class=\"w-100 h-y-container h-column__content h-column__v-align flex-basis-100 align-self-lg-start align-self-md-start align-self-start\">\r\n                <!---->\r\n                <div data-colibri-id=\"1465-c5\" class=\"d-block style-1944 style-local-1465-c5 position-relative h-element\">\r\n                  <!---->\r\n                  <div class=\"h-image__frame-container-outer\">\r\n                    <div class=\"h-image__frame-container\">\r\n                      <!---->\r\n                      <!---->\r\n                      <img src=\"https:\/\/balgathukuk.com\/wp-content\/uploads\/2022\/08\/cropped-semih_kaya-300x300.jpg\" class=\"style-1944-image style-local-1465-c5-image\">\r\n                      <div class=\"h-image__frame h-hide-lg h-hide-md h-hide-sm style-1944-frameImage style-local-1465-c5-frameImage\"><\/div>\r\n                    <\/div>\r\n                  <\/div>\r\n                <\/div>\r\n              <\/div>\r\n            <\/div>\r\n          <\/div>\r\n        <\/div>\r\n      <\/div>\r\n    <\/div>\r\n  <\/div>\r\n  <div data-colibri-component=\"section\" data-colibri-id=\"1465-c6\" id=\"custom-2\" class=\"h-section h-section-global-spacing d-flex align-items-lg-center align-items-md-center align-items-center style-1949 style-local-1465-c6 position-relative\">\r\n    <!---->\r\n    <!---->\r\n    <div class=\"h-section-grid-container h-section-boxed-container\">\r\n      <!---->\r\n      <div data-colibri-id=\"1465-c7\" class=\"h-row-container gutters-row-lg-2 gutters-row-md-2 gutters-row-0 gutters-row-v-lg-2 gutters-row-v-md-2 gutters-row-v-2 style-1950 style-local-1465-c7 position-relative\">\r\n        <!---->\r\n        <div class=\"h-row justify-content-lg-center justify-content-md-center justify-content-center align-items-lg-stretch align-items-md-stretch align-items-stretch gutters-col-lg-2 gutters-col-md-2 gutters-col-0 gutters-col-v-lg-2 gutters-col-v-md-2 gutters-col-v-2\">\r\n          <!---->\r\n          <div class=\"h-column h-column-container d-flex h-col-lg-auto h-col-md-auto h-col-auto style-1951-outer style-local-1465-c8-outer\">\r\n            <div data-colibri-id=\"1465-c8\" class=\"d-flex h-flex-basis h-column__inner h-px-lg-2 h-px-md-2 h-px-2 v-inner-lg-2 v-inner-md-2 v-inner-2 style-1951 style-local-1465-c8 position-relative\">\r\n              <!---->\r\n              <!---->\r\n              <div class=\"w-100 h-y-container h-column__content h-column__v-align flex-basis-100 align-self-lg-start align-self-md-start align-self-start\">\r\n                <!---->\r\n                <div data-colibri-id=\"1465-c9\" class=\"h-text h-text-component style-1952 style-local-1465-c9 position-relative h-element\">\r\n                  <!---->\r\n                  <!---->\r\n                  <div class=\"\">\r\n                    <p>2000 y\u0131l\u0131nda Ankara ilinde d\u00fcnyaya gelmi\u015ftir. Lisans e\u011fitimini 2022 y\u0131l\u0131nda Ankara \u00dcniversitesi Hukuk Fak\u00fcltesi\u2019nde onur derecesiyle tamamlam\u0131\u015ft\u0131r. Lisans d\u00f6neminde \u00e7e\u015fitli hukuk konferanslar\u0131na kat\u0131l\u0131m g\u00f6stermi\u015ftir. Yasal staj\u0131n\u0131\r\n                      Ankara Barosuna ba\u011fl\u0131 olarak 2022 y\u0131l\u0131nda ba\u015flatm\u0131\u015ft\u0131r. Intermediate seviyesinde \u0130ngilizce ve Intermediate seviyesinde arap\u00e7a bilmektedir.<\/p>\r\n                  <\/div>\r\n                <\/div>\r\n              <\/div>\r\n            <\/div>\r\n          <\/div>\r\n        <\/div>\r\n      <\/div>\r\n    <\/div>\r\n  <\/div>\r\n  <div data-colibri-component=\"section\" data-colibri-id=\"1465-c10\" id=\"custom-3\" class=\"h-section h-section-global-spacing d-flex align-items-lg-center align-items-md-center align-items-center style-1953 style-local-1465-c10 position-relative\">\r\n    <!---->\r\n    <!---->\r\n    <div class=\"h-section-grid-container h-section-boxed-container\">\r\n      <!---->\r\n      <div data-colibri-id=\"1465-c11\" class=\"h-row-container gutters-row-lg-2 gutters-row-md-2 gutters-row-0 gutters-row-v-lg-2 gutters-row-v-md-2 gutters-row-v-2 style-1954 style-local-1465-c11 position-relative\">\r\n        <!---->\r\n        <div class=\"h-row justify-content-lg-center justify-content-md-center justify-content-center align-items-lg-stretch align-items-md-stretch align-items-stretch gutters-col-lg-2 gutters-col-md-2 gutters-col-0 gutters-col-v-lg-2 gutters-col-v-md-2 gutters-col-v-2\">\r\n          <!---->\r\n          <div class=\"h-column h-column-container d-flex h-col-lg-auto h-col-md-auto h-col-auto style-1955-outer style-local-1465-c12-outer\">\r\n            <div data-colibri-id=\"1465-c12\" class=\"d-flex h-flex-basis h-column__inner h-px-lg-2 h-px-md-2 h-px-2 v-inner-lg-2 v-inner-md-2 v-inner-2 style-1955 style-local-1465-c12 position-relative\">\r\n              <!---->\r\n              <!---->\r\n              <div class=\"w-100 h-y-container h-column__content h-column__v-align flex-basis-100 align-self-lg-start align-self-md-start align-self-start\">\r\n                <!---->\r\n                <div data-colibri-id=\"1465-c13\" class=\"h-x-container style-1956 style-local-1465-c13 position-relative h-element\">\r\n                  <!---->\r\n                  <div class=\"h-x-container-inner style-dynamic-1465-c13-group style-1956-spacing style-local-1465-c13-spacing\"><span class=\"h-link__outer style-1957-outer style-local-1465-c14-outer d-inline-flex h-element\"><a h-use-smooth-scroll=\"true\" href=\"mailto:semihkaya@balgathukuk.com\"  data-colibri-id=\"1465-c14\" class=\"d-flex w-100 align-items-center h-link style-1957 style-local-1465-c14 position-relative\"><!----><span  class=\"h-svg-icon h-link__icon style-1957-icon style-local-1465-c14-icon\"><!--Icon by Socicon (http:\/\/www.socicon.com)--><svg version=\"1.1\" xmlns=\"http:\/\/www.w3.org\/2000\/svg\" viewBox=\"0 0 1500 1500\">\r\n\r\n<path d=\"M799.805 922.852c-14.648 11.719-32.227 20.508-49.805 20.508s-35.156-8.789-49.805-20.508l-700.195-571.289v899.414h1500v-899.414zM750 750c14.648 0 29.297-5.859 41.016-14.648l594.727-486.328h-1271.484l594.727 486.328c11.719 8.789 26.367 14.648 41.016 14.648z\"><\/path>\r\n<\/svg>\r\n<\/span> <span>semihkaya@balgathukuk.com<\/span><\/a>\r\n                    <\/span>\r\n                  <\/div>\r\n                <\/div>\r\n              <\/div>\r\n            <\/div>\r\n          <\/div>\r\n        <\/div>\r\n      <\/div>\r\n    <\/div>\r\n  <\/div>\r\n<\/div>","protected":false},"excerpt":{"rendered":"<p>2000 y\u0131l\u0131nda Ankara ilinde d\u00fcnyaya gelmi\u015ftir. Lisans e\u011fitimini 2022 y\u0131l\u0131nda Ankara \u00dcniversitesi Hukuk Fak\u00fcltesi\u2019nde onur derecesiyle tamamlam\u0131\u015ft\u0131r. Lisans d\u00f6neminde \u00e7e\u015fitli hukuk konferanslar\u0131na kat\u0131l\u0131m g\u00f6stermi\u015ftir. Yasal staj\u0131n\u0131 Ankara Barosuna ba\u011fl\u0131 olarak 2022 y\u0131l\u0131nda ba\u015flatm\u0131\u015ft\u0131r. Intermediate seviyesinde \u0130ngilizce ve Intermediate seviyesinde arap\u00e7a bilmektedir. semihkaya@balgathukuk.com<\/p>\n","protected":false},"author":7,"featured_media":0,"parent":0,"menu_order":0,"comment_status":"closed","ping_status":"closed","template":"page-templates\/full-width-page.php","meta":[],"_links":{"self":[{"href":"https:\/\/balgathukuk.com\/index.php?rest_route=\/wp\/v2\/pages\/1465"}],"collection":[{"href":"https:\/\/balgathukuk.com\/index.php?rest_route=\/wp\/v2\/pages"}],"about":[{"href":"https:\/\/balgathukuk.com\/index.php?rest_route=\/wp\/v2\/types\/page"}],"author":[{"embeddable":true,"href":"https:\/\/balgathukuk.com\/index.php?rest_route=\/wp\/v2\/users\/7"}],"replies":[{"embeddable":true,"href":"https:\/\/balgathukuk.com\/index.php?rest_route=%2Fwp%2Fv2%2Fcomments&post=1465"}],"version-history":[{"count":5,"href":"https:\/\/balgathukuk.com\/index.php?rest_route=\/wp\/v2\/pages\/1465\/revisions"}],"predecessor-version":[{"id":1627,"href":"https:\/\/balgathukuk.com\/index.php?rest_route=\/wp\/v2\/pages\/1465\/revisions\/1627"}],"wp:attachment":[{"href":"https:\/\/balgathukuk.com\/index.php?rest_route=%2Fwp%2Fv2%2Fmedia&parent=1465"}],"curies":[{"name":"wp","href":"https:\/\/api.w.org\/{rel}","templated":true}]}}